47 + (-2 - (-32)/14) composite?
False
Let w(l) = -5*l - 4*l - 22 - 4*l + 4*l. Let d be w(9). Let x = d - -3266. Is x a composite number?
False
Suppose 25*v + 100057 = 29*v + 5*t, 3*v = -t + 75040. Is v prime?
True
Let d = -2005 + 2546. Let a be (-8244)/(-6) - -1*2. Let k = a - d. Is k a composite number?
True
Let h = -121049 + 203986. Is h composite?
True
Let j(v) = -1490*v + 16. Let x be j(1). Let i = 2505 + x. Is i a prime number?
True
Let c(p) = -2*p**2 + 5*p - 36. Let g(z) = z**2 - 5*z + 35. Let a(j) = -2*c(j) - 3*g(j). Let m be a(5). Let s = m - -862. Is s prime?
False
Suppose 0 = 2*m - 4*a - 476, 2*m + 907 = 6*m + a. Suppose 0 = s - 1771 + m. Is s a composite number?
False
Let g(m) = 21*m + 19 - 23*m - m**3 + 10*m**2 - m. Is g(6) a composite number?
True
Suppose 3808181 = 3*v + k, -3*v = -k - 1818762 - 1989403. Is v a composite number?
False
Is 40265772/12 + 6 - 22 a composite number?
True
Let v = -323055 + 701494. Is v prime?
True
Let r(u) = 14*u**2 + 4*u + 1. Let g = 7 - 6. Let c be 2*g + -13 + 14. Is r(c) composite?
False
Let v(g) = 61*g**2 - 15*g + 31. Let j(o) = 106*o**2 + 64 - 14*o - 15*o + 17*o**2. Let f(m) = -2*j(m) + 5*v(m). Is f(11) prime?
False
Let y(q) = 7*q**2 + 19*q + 51. Suppose -12 = -4*p, -u = 2*p - 8 - 17. Is y(u) composite?
False
Let j(l) be the second derivative of -3353*l**3/2 - 13*l**2 + l + 16. Is j(-1) composite?
True
Let v(r) = -2*r**3 - 4*r**2 - 2*r + 1. Let n be v(-2). Suppose 0*m + n = -m. Let a(p) = -14*p - 31. Is a(m) composite?
True
Suppose 47*c - 907496 + 239203 = 0. Is c prime?
False
Let d(p) = -62*p**3 - 4*p**2 - 4*p - 6. Let f be -4 + 3/9*3. Let i be d(f). Suppose -i = -10*l - 414. Is l composite?
True
Let u(w) = 74*w**2 + 49*w + 430. Is u(-65) a composite number?
True
Suppose 0 = -5*p + 4*m - 105341, -2*p + 3*p + 2*m + 21057 = 0. Let v = 40384 + p. Is v a composite number?
False
Is 3/((-9)/11739015*-5) + (6 - 4) a prime number?
False
Let l(w) = w**3 + 4*w**2 + 4*w + 7. Let c be l(-6). Let d = c + 96. Is (-4)/(-2)*d/(-14) + 128 a prime number?
True
Suppose 1384*m = 1380*m + 727317 + 433663. Is m prime?
False
Let a(y) = 19*y**3 - 11*y**2 + 6 - 11*y - 12*y + 18*y + 3 - 13*y. Is a(10) a composite number?
False
Let d(a) = 173*a**2 - 9*a + 48. Let w be d(5). Suppose 0 = -7*s + 46205 + w. Is s prime?
True
Suppose -2*f + 65 = -3*z, 2*f - 4*z = 6*f - 140. Suppose 26*i - f*i + 79736 = 0. Is i composite?
False
Let u(k) = -k**3 - 12*k**2 + 26*k - 21. Let f be u(-14). Let p(y) = 3*y**2 - 2*y - 36. Is p(f) composite?
False
Let r be (-42)/(-10) - 1/5. Suppose -3*v + r*v = j + 5026, -3*j = -5*v + 25132. Is v composite?
True
Let s be (-75)/(-10) - (-12)/(-8). Let o(p) = 4*p**3 - 2*p**2 - 8*p + 9. Is o(s) prime?
False
Is ((-51)/6 - -9)*44834 a composite number?
True
Suppose q - 199 = 2*v, -405 = -2*q - 0*v - 3*v. Let r = -27 + q. Let g = r + 1217. Is g a prime number?
False
Suppose -3*w = u - 1507672, -233*w + 2*u + 1005128 = -231*w. Is w composite?
True
Is (15 + -4)*(-1026284)/(-44) a prime number?
False
Let h be (-3 - (-42)/30)/((-2)/12505). Let l = 20667 + h. Is l prime?
True
Suppose -2*q = 4*f - 2750, 4*q + 193 = -3*f + 2243. Let h(i) = 30*i + 1861. Let o be h(-24). Let z = o - f. Is z a composite number?
True
Suppose -5*j + 1055 = -4*q + 5532, 3324 = 3*q + 3*j. Suppose 7*c - q = -126. Is c composite?
True
Let w(j) = -2*j**3 - 63*j**2 + 2*j + 25. Let l = 177 - 211. Is w(l) prime?
True
Let j(r) = -3*r + 25. Let i be j(10). Let q be (-2)/(i + (1 - -3)). Suppose s + 0*b - 1073 = -4*b, -q*s - b + 2139 = 0. Is s composite?
False
Let p(s) = -55*s - 36. Let r(o) = o**2 - 10*o - 7. Let q be r(10). Let k be p(q). Suppose -4*g + 4687 = -k. Is g a composite number?
False
Let z(f) = 241*f - 22. Let q be z(-10). Let i = 4765 + q. Is i prime?
True
Let f(d) = -14*d**3 - 9*d**2 + 44*d**3 + 15*d**2 - 44*d + 3*d**2 + 11. Is f(8) a composite number?
True
Suppose i - 19 = -s, 2*s = -0*i + i - 10. Let o = 16 - i. Suppose -2*g + 3269 - 1031 = o. Is g prime?
False
Let x(h) = 95*h**2 - 1182*h + 61. Is x(72) prime?
True
Suppose 0 = 2*b - 310*y + 307*y - 167462, b + 4*y = 83753. Is b a prime number?
True
Let h(x) = -12085*x - 3212. Is h(-7) composite?
True
Suppose 7*d - 77 - 7 = 0. Let m(u) = -9*u - 29 + 15*u + u + 21*u. Is m(d) a composite number?
False
Let x(a) = -2*a + 7. Let u be x(2). Suppose r - 148 = 4*l, -2*l = -u*r + 2*l + 460. Is 2/(-10) + r/5 prime?
True
Let h(i) = -7125*i + 577. Is h(-4) a composite number?
False
Suppose 575023 = -65*u - 66*u + 154*u. Is u a composite number?
True
Suppose 7*a - 4*a - 30 = 0. Let o(y) = -3*y**3 + 8*y**2 - 5*y + 46. Let c(n) = n**3 - 3*n**2 + 2*n - 15. Let b(p) = 7*c(p) + 2*o(p). Is b(a) a prime number?
False
Suppose -7*r + 5*r - 5*k = -4004, 4*k + 2002 = r. Suppose -580 = -s + r. Is s a composite number?
True
Let w = -10351 - -15173. Let i = w + -2837. Is i prime?
False
Let j(b) = 4468*b**3 - 36*b + 115. Is j(3) prime?
False
Let i = 3112 - -12277. Let o = i + -5178. Is o prime?
True
Let n = 41 - 40. Let o be (-30)/(-12) - (9/6 - n). Is -8 + 9 - (o - -15)*-38 a composite number?
False
Suppose -17*t = l - 14*t - 137870, 5*t - 15 = 0. Is l a prime number?
False
Suppose a + 10*a + 2387 = 0. Let j be (-17 + 5)/((-2)/159). Let h = j + a. Is h composite?
True
Let m(s) be the second derivative of 19*s**6/180 - s**5/24 - 5*s**4/2 - 14*s. Let t(y) be the third derivative of m(y). Is t(12) prime?
True
Suppose 13 - 4 = 3*r. Suppose r*c + 4*n - 3*n = 11284, -2*c = -5*n - 7517. Is c a prime number?
True
Let s be ((-4)/(-1))/((4/5)/4). Let h be 2 + s/3 + (-2)/3. Suppose -5*v - 5*f + 345 = 0, -5*v + h*v + f = 199. Is v a prime number?
False
Let l(n) = -272*n**2 - 10*n - 9. Let h(g) = -545*g**2 - 19*g - 16. Let m(p) = -6*h(p) + 11*l(p). Is m(2) a composite number?
False
Let l(q) = 720*q + 1909. Is l(14) a composite number?
True
Let l = 9166 - 4906. Suppose -4*p + 0*p = l. Let c = p - -1502. Is c composite?
True
Let s be ((-7)/(-7))/(3/126). Let i = -70 + s. Is (-5342)/(-6) - i/(-21) composite?
True
Suppose 2*z - 38 - 310 = 0. Let j = z - -3725. Is j composite?
True
Let g = 2118 - 1454. Suppose g = m - 5*m. Let t = -117 - m. Is t prime?
False
Suppose 61*z + 720 = 49*z. Is (-202)/1*(z/8 + 1) a prime number?
False
Suppose 5*q - 19140 = 9*q + 4*u, -19140 = 4*q - 4*u. Is 6/(-4) + q/(-2) prime?
False
Let b = 87943 - -59550. Is b prime?
False
Suppose -4*o = 3*z - 87730, 2*o + 58468 = 5*z - 3*z. Suppose r = -0*r + 5*i + 7299, 4*r + i = z. Is r composite?
False
Let x(i) = 1 - 2*i**2 + 52*i**3 - 86*i**3 + 61*i**3. Let w be x(1). Is w/39*(-2901)/(-2) composite?
False
Let m(a) = 44*a**3 - 6*a**2 + a - 203. Is m(14) a composite number?
True
Suppose -3*i - 3*k + 4754 = 1232, 0 = -5*i + 4*k + 5897. Let p be i + -5 - (3 - 5). Suppose -4*d = -2*d - p. Is d composite?
False
Suppose w = -v + 2, -5*v = -3*w + 4*w + 6. Suppose k + w*k = -10. Is (899/k)/(31/(-62)) prime?
False
Let g(o) = 148*o**2 + 49*o - 525. Is g(-32) prime?
True
Let g = 78361 - 8262. Is g a prime number?
True
Let h(a) = 10*a**2 - 3*a + 2. Let b = -7 + 9. Let x be h(b). Is 909 + (1/(-4) - 63/x) prime?
True
Let i(v) = 1153*v**2 + 13*v + 21. Let d(j) = -1729*j**2 - 20*j - 32. Let s(m) = 5*d(m) + 8*i(m). Is s(3) a prime number?
True
Suppose -6 = -4*y - 2*b, -10*y + 13*y = 3*b. Is (y/3)/(1/(661 + -10)) composite?
True
Suppose 3552520 = -73*l - 9*l + 10910298. Is l composite?
True
Is (-538935)/(-12) - (-603)/(-268) a composite number?
False
Suppose -707071 - 1372741 = -28*a. Is a prime?
True
Let g = -108 + 108. Suppose 3*c + 5712 = 3*l - g*l, 5*l + 5*c - 9530 = 0. Suppose -8*o + l = -5*o. Is o prime?
False
Suppose -3*h = -6*h + h. Let r(a) = 5*a + 829. Let w be r(h). Let y = w - 44. Is y composite?
True
Suppose 3*r - 5*w = 5 + 16, -2 = 5*r + 4*w. Suppose z - r*l + 25933 = 2*z, 4*z + 2*l - 103714 = 0. Is z a composite number?
True
Suppose -g - 347208 = 5*f - 1056020, 4*g - 28 = 0. Is f a prime number?
True
Let n = 27 - 18. Suppose n*h = 5733 + 108. Is h prime?
False
Let s(q) be the second derivative of -220*q**3/3 - 73*q**2/2 - 101*q. Is s(-10) a prime number?
True
Suppose -4*n + 119 = -473. Suppose 134 = -n*w + 150*w. Is w a prime number?
True
Suppose 12*b - 17*b = -15. Suppose -b*t = -3*k + 2*t + 23155, 15432 = 2*k - t. Is k composite?
True
Let i(f) = 2*f**2 + 7*f +